the prime factors of p?
2, 3, 37
Let w(o) be the first derivative of o**3 - 2*o**2 - 57*o - 69. What are the prime factors of w(-6)?
3, 5
Let u be (253 - 2)*(-1)/(-1) - -1. Suppose -6*f + 2*f + u = 3*a, -5*a - f + 437 = 0. What are the prime factors of a?
2, 11
Suppose -2*a - 7*a - 88857 = 0. Let x = -6638 - a. Suppose -544 = 13*s - x. What are the prime factors of s?
3, 23
Let o(i) = -i**3 - 3*i**2 + 9*i + 11. Let w(c) = -5*c - 18. Let p be w(-4). Suppose p*d + 5 = -3*d, -d + 5 = -s. What are the prime factors of o(s)?
5, 13
Suppose -23 + 27 = 2*c. Suppose 0 = 5*p + y - 325, -2*p + y + c*y = -113. What are the prime factors of p?
2
Suppose 46*y - 65069 = -5*b + 48*y, 0 = 4*y + 8. What are the prime factors of b?
7, 11, 13
Let u = 448 + -716. Let x = 444 + u. What are the prime factors of x?
2, 11
Suppose 0 = -0*d + 2*d - p - 1927, 3*d = -2*p + 2873. List the prime factors of d/((-20)/5 - -5).
31
Let w(o) = 120*o + 13. Let t be w(-3). Let m = t + 227. Let f = -35 - m. List the prime factors of f.
5, 17
Let i be ((-7)/(567/36))/((-4)/18). Suppose -k = 4*k + b - 2579, k - i*b = 507. List the prime factors of k.
5, 103
Let w(u) = 175*u - 30. Let k = -306 + 310. List the prime factors of w(k).
2, 5, 67
Suppose -98*v + 172273 + 38443 = -54*v. What are the prime factors of v?
4789
Let m(k) = -166*k - 461. What are the prime factors of m(-24)?
13, 271
Let s = -210 + 208. What are the prime factors of s/(-4)*-2 - -1185?
2, 37
Let q = 157 + -57. Let d = -97 + q. List the prime factors of 0 - ((0 - 45) + d + -4).
2, 23
Suppose 0 = 3*c - u + 87, -u = -5*u - 12. List the prime factors of 57*(1/5 - 94/c).
2, 5, 19
Let v = 43 + -23. Suppose -v*y + 17*y + 27 = 0. Suppose 6*i = y*i - 117. What are the prime factors of i?
3, 13
Let m(d) = -2*d**3 + 36. Let i be m(0). Suppose 2*u - i + 30 = 0. Suppose 0 = -2*r - u*r + 395. What are the prime factors of r?
79
Let f(c) = 43*c**2 + 288*c + 19. List the prime factors of f(-22).
5, 13, 223
Suppose -7213 - 71345 = -2*m. List the prime factors of m.
3, 13093
Suppose -7*v + 3201 = 26*v. Suppose 2*c - 19 = -5. Let k = v - c. List the prime factors of k.
2, 3, 5
Let j(m) = -19*m - 12. Let b(k) = -77*k - 47. Let q(a) = -2*b(a) + 9*j(a). Let o be q(6). Let u = -54 - o. List the prime factors of u.
2, 31
Let w(d) be the first derivative of -89*d**2 + 124*d - 91. What are the prime factors of w(-5)?
2, 3, 13
Let z = 63 + -43. Let k be (-3978)/(-22) + z/110 + 2. Let h = k + 66. What are the prime factors of h?
3, 83
Let z be -4*((2 - (-17)/(-4)) + -1). Let d(p) = -4*p + 7*p + z - 22. List the prime factors of d(5).
2, 3
Suppose 66 = -c + 38. Let x = 35 + c. Suppose x*r - 601 + 55 = 0. What are the prime factors of r?
2, 3, 13
Suppose 2*y = 10*y + 56. Let p be (1 - y)/4*(-1)/2. What are the prime factors of p/(1 - (-94)/(-92))?
2, 23
Suppose -417671 - 432283 = -98*i. List the prime factors of i.
3, 7, 59
Let c = 4567 + -1061. What are the prime factors of c?
2, 1753
Let s be (20/(-8))/(2*(-5)/20). Suppose 0 = b + 2*z + 1, b + 4*z + 2 = -5. Suppose b*t = -3*v + 73 + 82, -s*v = 25. List the prime factors of t.
2, 17
Let m(c) = 13*c + 31. Let x be m(-2). Suppose 2*o - 136 - 218 = 5*q, -718 = -4*o + x*q. What are the prime factors of o?
2, 7, 13
Let u = -17235 + 1340. What are the prime factors of u/(-33) + 8/6?
3, 7, 23
Let c be ((-2)/24*-3)/((-1)/(-8)). Suppose 0*x + c*x = 2300. Suppose 6*b = -4*b + x. What are the prime factors of b?
5, 23
Suppose -2*h + 15 = 149. Let t = h + 70. Suppose -3*v + 3*a = 6*a - 183, t*a = -2*v + 125. List the prime factors of v.
2, 29
Suppose 2*f = -n - 5 - 6, -4*f + 3*n = -3. Let j(d) = -12*d**3 + 5*d**2 + 3*d + 11. List the prime factors of j(f).
7, 53
Suppose 0 = -3*y - v + 24882, 17*y - 2*v - 41901 = 99143. What are the prime factors of y?
2, 17, 61
List the prime factors of ((-7728)/252)/(0 - 8/7206).
23, 1201
Suppose 248*h - 1317953 = 686631. List the prime factors of h.
59, 137
Let q = -2410 - -6085. List the prime factors of q.
3, 5, 7
Suppose -26*t = -630 - 280. Let l = t - 28. List the prime factors of l.
7
Suppose z + 25 + 260 = 0. Let s = z + 403. List the prime factors of s.
2, 59
Suppose -i = 3*z - 8*z - 10638, 0 = -i - 5*z + 10698. List the prime factors of i.
2, 3, 7, 127
Suppose 5*f - 7*f + 86 = 0. Let h = f + -30. Suppose -13*m - h = -14*m. What are the prime factors of m?
13
Suppose 11*p + 6604 - 354795 = 60470. List the prime factors of p.
97, 383
Let l(s) = -36*s - 6. Let z be -4 - (-10)/2 - (1 + -6). Let t(j) = j + 1. Let n(h) = z*t(h) + l(h). What are the prime factors of n(-6)?
2, 3, 5
Let t be (39/(-9) + 3)*(-3)/2. Suppose 3*g - 4*g = t*s - 11, -4*g + 16 = s. Suppose -2*a = -5*d + 177, -10 = -d + g*a + 15. List the prime factors of d.
37
Let p(f) = -6*f**3 - 15*f + 37. Let k(y) = -7*y**3 - 15*y + 36. Let w(z) = 5*k(z) - 6*p(z). What are the prime factors of w(5)?
2, 79
Let u(o) = 150*o**2 - 27*o + 161. List the prime factors of u(6).
5399
Suppose -5*v + r = -4390, 2*v + 5*r = 136 + 1620. Let z = v + -587. What are the prime factors of z?
3, 97
Let z be (-9786)/(-22) - (-28)/154. Suppose z*y - 3630 = 435*y. List the prime factors of y.
3, 11
Suppose 4*y = 4*u - 2216, 191 + 359 = u + 3*y. Let q = u + -111. List the prime factors of q.
2, 13, 17
Let v = -15647 + 24787. List the prime factors of v.
2, 5, 457
Let t(x) = 3*x**2 - 10*x + 79. Let b be (8 - 68/3)*6/(-4). List the prime factors of t(b).
3, 19, 23
Suppose -95*s + 5176188 = 141*s. List the prime factors of s.
3, 2437
Let p be 6/(-10) - ((-208)/(-10))/(-8). Suppose 3*q - 8 = 3*n - 2*n, -n = p*q - 12. Suppose -g + 0*g = -v - 35, -q*v - 32 = -g. List the prime factors of g.
2, 3
What are the prime factors of ((-341424)/(-15) - 21/35) + 1 + -6?
2, 5689
Suppose -27*o = -29*o + 28. Suppose -1543 + 12827 = o*z. What are the prime factors of z?
2, 13, 31
Let a(s) = 271*s**2 + 38*s - 103. What are the prime factors of a(5)?
2, 47, 73
Let z(b) = -3*b + 6. Let i be z(2). Suppose 2*y + 155 + 70 = a, 2*a - 5*y - 455 = i. List the prime factors of a.
5, 43
Suppose 6164 = 2*j + 5*r, 4*r = j - 3065 + 9. List the prime factors of 5 - (-23)/(92/j).
773
Let u = -31 - -35. Suppose -u*s - 25 = -p, -2*p - 2*p - 2*s + 10 = 0. Suppose h - 3*y = 45, -y = -p*h - 4*y + 243. List the prime factors of h.
2, 3
Suppose 4*p - 2 = 2*x + 8, 25 = p + 4*x. Let d = -80 + 388. Suppose d = -p*k + 1573. What are the prime factors of k?
11, 23
Let j = 13 + -17. List the prime factors of -6 + (-40404)/(-45) - j/30.
2, 223
Let t(u) = 40*u - 13*u - 12*u - 9*u - 12. Suppose -2*j + 10 = -0*j. List the prime factors of t(j).
2, 3
Let h = 2619 - -5829. What are the prime factors of h?
2, 3, 11
Suppose -66*j - 19*j = 14*j - 689040. What are the prime factors of j?
2, 3, 5, 29
List the prime factors of 9484/2 + -8 - 13.
4721
Let s(f) be the third derivative of -3/2*f**3 + 0 - 8*f**2 + 0*f + 7/8*f**4. List the prime factors of s(4).
3, 5
Let z = 1658 + -1265. What are the prime factors of z?
3, 131
Suppose -4*a + 562 - 12 = -t, a = 1. List the prime factors of ((-2)/2)/2*t.
3, 7, 13
Suppose 21*s + 40*s - 27*s - 971142 = 0. What are the prime factors of s?
3, 9521
Suppose 0 = 6*m - m. Let i = 5 + -3. Suppose -2*x - i*l + 216 = 3*l, -5*x + 5*l + 505 = m. List the prime factors of x.
103
Let r = -63316 + 114452. List the prime factors of r.
2, 17, 47
Let b be ((-26)/6)/((-4)/12). List the prime factors of (b/(-65) - 62/(-10))*5.
2, 3, 5
Let z(k) = 5189*k - 9611. What are the prime factors of z(6)?
21523
Let t be 1/(-3) + 49/21. Suppose r - 15 = t*d, -3*r = -2*d + 7*d + 10. What are the prime factors of 755/15*(r + -2)?
151
Let g be (4/(-3))/((-3 + 0)/25632). List the prime factors of ((-2)/(-7) - 0) + g/14.
2, 11, 37
Suppose 4*m = 2*r + 32, -5 = -3*r + 2*r - 5*m. Let h be 6/30 + 2/(r/(-9)). Suppose 3*q - h*q = -v + 21, 3*v - 69 = 3*q. What are the prime factors of v?
2, 11
Suppose 118 = q - 22. Let g(k) = -k**3 + 20*k**2 + 18*k + 60. Let o be g(21). What are the prime factors of 3/(-1*o/q)?
2, 5, 7
Let v(w) be the first derivative of 63*w**2 - 4*w + 33. Let u be v(1). Suppose -4*h = -4*r + 338 - u, -r + 62 = 3*h. What are the prime factors of r?
2, 7
List the prime factors of (-501676)/(-76) - (28/(-8) - 3/(-6)).
2, 13, 127
Suppose -5*a + 3*i + 170828 = 0, -4*a + 9519